{"id":50,"date":"2024-05-09T12:00:04","date_gmt":"2024-05-09T10:00:04","guid":{"rendered":"https:\/\/arifatnature.fr\/?page_id=50"},"modified":"2024-06-19T17:58:40","modified_gmt":"2024-06-19T15:58:40","slug":"fete-de-la-nature-22-juin-2024","status":"publish","type":"page","link":"https:\/\/arifatnature.fr\/index.php\/fete-de-la-nature-22-juin-2024\/","title":{"rendered":"F\u00eate de la Nature 22 Juin 2024"},"content":{"rendered":"<div class=\"wp-block-image\">\n<figure class=\"aligncenter size-large is-resized\"><img fetchpriority=\"high\" decoding=\"async\" width=\"731\" height=\"1024\" src=\"https:\/\/arifatnature.fr\/wp-content\/uploads\/2024\/05\/affiche_fete_nature_2024-731x1024.gif\" alt=\"\" class=\"wp-image-74\" style=\"width:445px;height:auto\" srcset=\"https:\/\/arifatnature.fr\/wp-content\/uploads\/2024\/05\/affiche_fete_nature_2024-731x1024.gif 731w, https:\/\/arifatnature.fr\/wp-content\/uploads\/2024\/05\/affiche_fete_nature_2024-214x300.gif 214w, https:\/\/arifatnature.fr\/wp-content\/uploads\/2024\/05\/affiche_fete_nature_2024-768x1075.gif 768w, https:\/\/arifatnature.fr\/wp-content\/uploads\/2024\/05\/affiche_fete_nature_2024-1097x1536.gif 1097w, https:\/\/arifatnature.fr\/wp-content\/uploads\/2024\/05\/affiche_fete_nature_2024-1463x2048.gif 1463w, https:\/\/arifatnature.fr\/wp-content\/uploads\/2024\/05\/affiche_fete_nature_2024-1024x1434.gif 1024w, https:\/\/arifatnature.fr\/wp-content\/uploads\/2024\/05\/affiche_fete_nature_2024-771x1080.gif 771w\" sizes=\"(max-width: 731px) 100vw, 731px\" \/><\/figure>\n<\/div>\n\n\n<div class=\"wp-block-columns is-layout-flex wp-container-core-columns-is-layout-9d6595d7 wp-block-columns-is-layout-flex\">\n<div class=\"wp-block-column is-layout-flow wp-block-column-is-layout-flow\">\n<div class=\"wp-block-buttons is-content-justification-center is-layout-flex wp-container-core-buttons-is-layout-16018d1d wp-block-buttons-is-layout-flex\">\n<div class=\"wp-block-button\"><a class=\"wp-block-button__link wp-element-button\" href=\"https:\/\/arifatnature.fr\/index.php\/activites-et-animations\/\">Activit\u00e9s \/ Animations<\/a><\/div>\n<\/div>\n<\/div>\n\n\n\n<div class=\"wp-block-column is-layout-flow wp-block-column-is-layout-flow\">\n<div class=\"wp-block-buttons is-content-justification-center is-layout-flex wp-container-core-buttons-is-layout-16018d1d wp-block-buttons-is-layout-flex\">\n<div class=\"wp-block-button\"><a class=\"wp-block-button__link wp-element-button\" href=\"https:\/\/arifatnature.fr\/index.php\/producteurs-artisans-et-associations\/\">Producteurs \/ Artisans \/ Associations<\/a><\/div>\n<\/div>\n<\/div>\n\n\n\n<div class=\"wp-block-column is-layout-flow wp-block-column-is-layout-flow\">\n<div class=\"wp-block-buttons is-content-justification-center is-layout-flex wp-container-core-buttons-is-layout-16018d1d wp-block-buttons-is-layout-flex\">\n<div class=\"wp-block-button\"><a class=\"wp-block-button__link wp-element-button\" href=\"https:\/\/arifatnature.fr\/index.php\/musique\/\">Musiciens \/ Groupes<\/a><\/div>\n<\/div>\n<\/div>\n<\/div>\n\n\n\n<p class=\"has-text-align-center\"><br>Le <mark style=\"background-color:rgba(0, 0, 0, 0)\" class=\"has-inline-color has-vivid-green-cyan-color\"><strong>22 juin 2024<\/strong><\/mark> aura lieu la <strong>seconde \u00e9dition<\/strong> de la <strong><mark style=\"background-color:rgba(0, 0, 0, 0)\" class=\"has-inline-color has-vivid-green-cyan-color\">F\u00eate de la Nature<\/mark><\/strong> sur le site du<strong> <mark style=\"background-color:rgba(0, 0, 0, 0)\" class=\"has-inline-color has-vivid-green-cyan-color\">ch\u00e2teau et des cascades d&rsquo;Arifat (81360)<\/mark><\/strong> ! <br><br>Au programme, activit\u00e9s diverses : <br>&#8211; <strong>Conteurs, <\/strong><br>&#8211; <strong>Apiculteurs, <\/strong><br>&#8211; <strong>D\u00e9monstration de chiens de troupeau, <\/strong><br>&#8211; <strong>Escalade, <\/strong><br>&#8211; <strong>Grimpe dans les arbres, <\/strong><br>&#8211; <strong>et plein d&rsquo;autres surprises !<\/strong><br>&#8211; <strong><a href=\"https:\/\/arifatnature.fr\/index.php\/liste-marche-producteurs\/\" data-type=\"page\" data-id=\"175\">March\u00e9 de producteurs locaux et Associations,<\/a> <\/strong><br>&#8211; <strong>Sc\u00e8ne libre (apportez vos instruments, votre voix, &#8230;), <\/strong><br>&#8211; <strong>Ap\u00e9ro-concert (Chorale Barouf)<\/strong><br>&#8211; <strong>Concert (Ti Renard et los Tres Tristes Tigres)<\/strong><br><br><em><strong>Venez nombreux passer un agr\u00e9able moment<\/strong> \ud83d\ude00 <\/em><\/p>\n\n\n\n<figure class=\"wp-block-image size-large\"><img decoding=\"async\" width=\"1024\" height=\"1024\" src=\"https:\/\/arifatnature.fr\/wp-content\/uploads\/2024\/06\/programme_2024-1024x1024.jpg\" alt=\"\" class=\"wp-image-150\" srcset=\"https:\/\/arifatnature.fr\/wp-content\/uploads\/2024\/06\/programme_2024-1024x1024.jpg 1024w, https:\/\/arifatnature.fr\/wp-content\/uploads\/2024\/06\/programme_2024-300x300.jpg 300w, https:\/\/arifatnature.fr\/wp-content\/uploads\/2024\/06\/programme_2024-150x150.jpg 150w, https:\/\/arifatnature.fr\/wp-content\/uploads\/2024\/06\/programme_2024-768x768.jpg 768w, https:\/\/arifatnature.fr\/wp-content\/uploads\/2024\/06\/programme_2024.jpg 1080w\" sizes=\"(max-width: 1024px) 100vw, 1024px\" \/><\/figure>\n\n\n\n<hr class=\"wp-block-separator has-alpha-channel-opacity\"\/>\n\n\n\n<p>Petit \u00e0 petit nous vous d\u00e9voilerons ici m\u00eame, les personnes, <strong>producteurs et artistes<\/strong>, qui seront pr\u00e9sent lors de cette belle journ\u00e9e et qui seront heureux de partager un moment convivial avec vous :<br><br>(pensez \u00e0 revenir r\u00e9guli\u00e8rement consulter le site pour y lire les nouvelles pr\u00e9sentations \ud83d\ude09 )<\/p>\n\n\n\n<div class=\"wp-block-columns is-layout-flex wp-container-core-columns-is-layout-9d6595d7 wp-block-columns-is-layout-flex\">\n<div class=\"wp-block-column is-layout-flow wp-block-column-is-layout-flow\">\n<div class=\"wp-block-buttons is-content-justification-center is-layout-flex wp-container-core-buttons-is-layout-16018d1d wp-block-buttons-is-layout-flex\">\n<div class=\"wp-block-button\"><a class=\"wp-block-button__link wp-element-button\" href=\"https:\/\/arifatnature.fr\/index.php\/activites-et-animations\/\">Activit\u00e9s \/ Animations<\/a><\/div>\n<\/div>\n<\/div>\n\n\n\n<div class=\"wp-block-column is-layout-flow wp-block-column-is-layout-flow\">\n<div class=\"wp-block-buttons is-content-justification-center is-layout-flex wp-container-core-buttons-is-layout-16018d1d wp-block-buttons-is-layout-flex\">\n<div class=\"wp-block-button\"><a class=\"wp-block-button__link wp-element-button\" href=\"https:\/\/arifatnature.fr\/index.php\/producteurs-artisans-et-associations\/\">Producteurs \/ Artisans \/ Associations<\/a><\/div>\n<\/div>\n<\/div>\n\n\n\n<div class=\"wp-block-column is-layout-flow wp-block-column-is-layout-flow\">\n<div class=\"wp-block-buttons is-content-justification-center is-layout-flex wp-container-core-buttons-is-layout-16018d1d wp-block-buttons-is-layout-flex\">\n<div class=\"wp-block-button\"><a class=\"wp-block-button__link wp-element-button\" href=\"https:\/\/arifatnature.fr\/index.php\/musique\/\">Musiciens \/ Groupes<\/a><\/div>\n<\/div>\n<\/div>\n<\/div>\n\n\n\n<figure class=\"wp-block-image size-large\"><img decoding=\"async\" width=\"1024\" height=\"678\" src=\"https:\/\/arifatnature.fr\/wp-content\/uploads\/2024\/06\/2024-Photo-groupe-fete-nature-1024x678.jpg\" alt=\"\" class=\"wp-image-141\" srcset=\"https:\/\/arifatnature.fr\/wp-content\/uploads\/2024\/06\/2024-Photo-groupe-fete-nature-1024x678.jpg 1024w, https:\/\/arifatnature.fr\/wp-content\/uploads\/2024\/06\/2024-Photo-groupe-fete-nature-300x199.jpg 300w, https:\/\/arifatnature.fr\/wp-content\/uploads\/2024\/06\/2024-Photo-groupe-fete-nature-768x509.jpg 768w, https:\/\/arifatnature.fr\/wp-content\/uploads\/2024\/06\/2024-Photo-groupe-fete-nature-1536x1017.jpg 1536w, https:\/\/arifatnature.fr\/wp-content\/uploads\/2024\/06\/2024-Photo-groupe-fete-nature-2048x1356.jpg 2048w, https:\/\/arifatnature.fr\/wp-content\/uploads\/2024\/06\/2024-Photo-groupe-fete-nature-1631x1080.jpg 1631w\" sizes=\"(max-width: 1024px) 100vw, 1024px\" \/><figcaption class=\"wp-element-caption\">L&rsquo;\u00e9quipe de choc \ud83d\ude09 <\/figcaption><\/figure>\n\n\n\n<hr class=\"wp-block-separator has-alpha-channel-opacity\"\/>\n\n\n\n<div class=\"wp-block-columns are-vertically-aligned-center is-layout-flex wp-container-core-columns-is-layout-9d6595d7 wp-block-columns-is-layout-flex\">\n<div class=\"wp-block-column is-vertically-aligned-center is-layout-flow wp-block-column-is-layout-flow\"><div class=\"wp-block-image is-style-rounded\">\n<figure class=\"aligncenter size-full is-resized\"><a href=\"https:\/\/www.osourcesdarifat.fr\/\" target=\"_blank\" rel=\"noreferrer noopener\"><img loading=\"lazy\" decoding=\"async\" width=\"929\" height=\"947\" src=\"https:\/\/arifatnature.fr\/wp-content\/uploads\/2024\/06\/osourcesarifat.jpg\" alt=\"\" class=\"wp-image-275\" style=\"width:190px;height:auto\" srcset=\"https:\/\/arifatnature.fr\/wp-content\/uploads\/2024\/06\/osourcesarifat.jpg 929w, https:\/\/arifatnature.fr\/wp-content\/uploads\/2024\/06\/osourcesarifat-294x300.jpg 294w, https:\/\/arifatnature.fr\/wp-content\/uploads\/2024\/06\/osourcesarifat-768x783.jpg 768w\" sizes=\"(max-width: 929px) 100vw, 929px\" \/><\/a><\/figure>\n<\/div><\/div>\n\n\n\n<div class=\"wp-block-column is-vertically-aligned-center is-layout-flow wp-block-column-is-layout-flow\">\n<p>Cette journ\u00e9e est organis\u00e9e en partenariat avec le restaurant <a href=\"https:\/\/www.osourcesdarifat.fr\/\" target=\"_blank\" rel=\"noreferrer noopener\">O Sources d&rsquo;Arifat<\/a>, qui sera ouvert pour l&rsquo;occasion ! <\/p>\n<\/div>\n<\/div>\n","protected":false},"excerpt":{"rendered":"<p>Le 22 juin 2024 aura lieu la seconde \u00e9dition de la F\u00eate de la Nature sur le site du ch\u00e2teau et des cascades d&rsquo;Arifat (81360) ! Au programme, activit\u00e9s diverses : &#8211; Conteurs, &#8211; Apiculteurs, &#8211; D\u00e9monstration de chiens de troupeau, &#8211; Escalade, &#8211; Grimpe dans les arbres, &#8211; et plein d&rsquo;autres surprises !&#8211; March\u00e9 de producteurs locaux et Associations, &#8211; Sc\u00e8ne libre (apportez vos instruments, votre voix, &#8230;), &#8211; Ap\u00e9ro-concert (Chorale Barouf)&#8211; Concert (Ti Renard et los Tres Tristes Tigres) Venez nombreux passer un agr\u00e9able moment \ud83d\ude00 Petit \u00e0 petit nous vous d\u00e9voilerons ici m\u00eame, les personnes, producteurs et artistes, qui seront pr\u00e9sent lors de cette belle journ\u00e9e et qui seront heureux de partager un moment convivial avec vous : (pensez \u00e0 revenir r\u00e9guli\u00e8rement consulter le site pour y lire les nouvelles pr\u00e9sentations \ud83d\ude09 ) Cette journ\u00e9e est organis\u00e9e en partenariat avec le restaurant O Sources d&rsquo;Arifat, qui sera ouvert pour l&rsquo;occasion !<\/p>\n","protected":false},"author":1,"featured_media":0,"parent":0,"menu_order":0,"comment_status":"closed","ping_status":"closed","template":"","meta":{"footnotes":""},"class_list":["post-50","page","type-page","status-publish","hentry"],"_links":{"self":[{"href":"https:\/\/arifatnature.fr\/index.php\/wp-json\/wp\/v2\/pages\/50","targetHints":{"allow":["GET"]}}],"collection":[{"href":"https:\/\/arifatnature.fr\/index.php\/wp-json\/wp\/v2\/pages"}],"about":[{"href":"https:\/\/arifatnature.fr\/index.php\/wp-json\/wp\/v2\/types\/page"}],"author":[{"embeddable":true,"href":"https:\/\/arifatnature.fr\/index.php\/wp-json\/wp\/v2\/users\/1"}],"replies":[{"embeddable":true,"href":"https:\/\/arifatnature.fr\/index.php\/wp-json\/wp\/v2\/comments?post=50"}],"version-history":[{"count":32,"href":"https:\/\/arifatnature.fr\/index.php\/wp-json\/wp\/v2\/pages\/50\/revisions"}],"predecessor-version":[{"id":276,"href":"https:\/\/arifatnature.fr\/index.php\/wp-json\/wp\/v2\/pages\/50\/revisions\/276"}],"wp:attachment":[{"href":"https:\/\/arifatnature.fr\/index.php\/wp-json\/wp\/v2\/media?parent=50"}],"curies":[{"name":"wp","href":"https:\/\/api.w.org\/{rel}","templated":true}]}}

Fête de la Nature 22 Juin 2024

<div class="wp-block-image">
<figure class="aligncenter size-large is-resized"><img fetchpriority="high" decoding="async" width="731" height="1024" src="https://arifatnature.fr/wp-content/uploads/2024/05/affiche_fete_nature_2024-731x1024.gif" alt="" class="wp-image-74" style="width:445px;height:auto" srcset="https://arifatnature.fr/wp-content/uploads/2024/05/affiche_fete_nature_2024-731x1024.gif 731w, https://arifatnature.fr/wp-content/uploads/2024/05/affiche_fete_nature_2024-214x300.gif 214w, https://arifatnature.fr/wp-content/uploads/2024/05/affiche_fete_nature_2024-768x1075.gif 768w, https://arifatnature.fr/wp-content/uploads/2024/05/affiche_fete_nature_2024-1097x1536.gif 1097w, https://arifatnature.fr/wp-content/uploads/2024/05/affiche_fete_nature_2024-1463x2048.gif 1463w, https://arifatnature.fr/wp-content/uploads/2024/05/affiche_fete_nature_2024-1024x1434.gif 1024w, https://arifatnature.fr/wp-content/uploads/2024/05/affiche_fete_nature_2024-771x1080.gif 771w" sizes="(max-width: 731px) 100vw, 731px" /></figure>
</div>


<div class="wp-block-columns is-layout-flex wp-container-core-columns-is-layout-9d6595d7 wp-block-columns-is-layout-flex">
<div class="wp-block-column is-layout-flow wp-block-column-is-layout-flow">
<div class="wp-block-buttons is-content-justification-center is-layout-flex wp-container-core-buttons-is-layout-16018d1d wp-block-buttons-is-layout-flex">
<div class="wp-block-button"><a class="wp-block-button__link wp-element-button" href="https://arifatnature.fr/index.php/activites-et-animations/">Activités / Animations</a></div>
</div>
</div>



<div class="wp-block-column is-layout-flow wp-block-column-is-layout-flow">
<div class="wp-block-buttons is-content-justification-center is-layout-flex wp-container-core-buttons-is-layout-16018d1d wp-block-buttons-is-layout-flex">
<div class="wp-block-button"><a class="wp-block-button__link wp-element-button" href="https://arifatnature.fr/index.php/producteurs-artisans-et-associations/">Producteurs / Artisans / Associations</a></div>
</div>
</div>



<div class="wp-block-column is-layout-flow wp-block-column-is-layout-flow">
<div class="wp-block-buttons is-content-justification-center is-layout-flex wp-container-core-buttons-is-layout-16018d1d wp-block-buttons-is-layout-flex">
<div class="wp-block-button"><a class="wp-block-button__link wp-element-button" href="https://arifatnature.fr/index.php/musique/">Musiciens / Groupes</a></div>
</div>
</div>
</div>



<p class="has-text-align-center"><br>Le <mark style="background-color:rgba(0, 0, 0, 0)" class="has-inline-color has-vivid-green-cyan-color"><strong>22 juin 2024</strong></mark> aura lieu la <strong>seconde édition</strong> de la <strong><mark style="background-color:rgba(0, 0, 0, 0)" class="has-inline-color has-vivid-green-cyan-color">Fête de la Nature</mark></strong> sur le site du<strong> <mark style="background-color:rgba(0, 0, 0, 0)" class="has-inline-color has-vivid-green-cyan-color">château et des cascades d&rsquo;Arifat (81360)</mark></strong> ! <br><br>Au programme, activités diverses : <br>&#8211; <strong>Conteurs, </strong><br>&#8211; <strong>Apiculteurs, </strong><br>&#8211; <strong>Démonstration de chiens de troupeau, </strong><br>&#8211; <strong>Escalade, </strong><br>&#8211; <strong>Grimpe dans les arbres, </strong><br>&#8211; <strong>et plein d&rsquo;autres surprises !</strong><br>&#8211; <strong><a href="https://arifatnature.fr/index.php/liste-marche-producteurs/" data-type="page" data-id="175">Marché de producteurs locaux et Associations,</a> </strong><br>&#8211; <strong>Scène libre (apportez vos instruments, votre voix, &#8230;), </strong><br>&#8211; <strong>Apéro-concert (Chorale Barouf)</strong><br>&#8211; <strong>Concert (Ti Renard et los Tres Tristes Tigres)</strong><br><br><em><strong>Venez nombreux passer un agréable moment</strong> 😀 </em></p>



<figure class="wp-block-image size-large"><img decoding="async" width="1024" height="1024" src="https://arifatnature.fr/wp-content/uploads/2024/06/programme_2024-1024x1024.jpg" alt="" class="wp-image-150" srcset="https://arifatnature.fr/wp-content/uploads/2024/06/programme_2024-1024x1024.jpg 1024w, https://arifatnature.fr/wp-content/uploads/2024/06/programme_2024-300x300.jpg 300w, https://arifatnature.fr/wp-content/uploads/2024/06/programme_2024-150x150.jpg 150w, https://arifatnature.fr/wp-content/uploads/2024/06/programme_2024-768x768.jpg 768w, https://arifatnature.fr/wp-content/uploads/2024/06/programme_2024.jpg 1080w" sizes="(max-width: 1024px) 100vw, 1024px" /></figure>



<hr class="wp-block-separator has-alpha-channel-opacity"/>



<p>Petit à petit nous vous dévoilerons ici même, les personnes, <strong>producteurs et artistes</strong>, qui seront présent lors de cette belle journée et qui seront heureux de partager un moment convivial avec vous :<br><br>(pensez à revenir régulièrement consulter le site pour y lire les nouvelles présentations 😉 )</p>



<div class="wp-block-columns is-layout-flex wp-container-core-columns-is-layout-9d6595d7 wp-block-columns-is-layout-flex">
<div class="wp-block-column is-layout-flow wp-block-column-is-layout-flow">
<div class="wp-block-buttons is-content-justification-center is-layout-flex wp-container-core-buttons-is-layout-16018d1d wp-block-buttons-is-layout-flex">
<div class="wp-block-button"><a class="wp-block-button__link wp-element-button" href="https://arifatnature.fr/index.php/activites-et-animations/">Activités / Animations</a></div>
</div>
</div>



<div class="wp-block-column is-layout-flow wp-block-column-is-layout-flow">
<div class="wp-block-buttons is-content-justification-center is-layout-flex wp-container-core-buttons-is-layout-16018d1d wp-block-buttons-is-layout-flex">
<div class="wp-block-button"><a class="wp-block-button__link wp-element-button" href="https://arifatnature.fr/index.php/producteurs-artisans-et-associations/">Producteurs / Artisans / Associations</a></div>
</div>
</div>



<div class="wp-block-column is-layout-flow wp-block-column-is-layout-flow">
<div class="wp-block-buttons is-content-justification-center is-layout-flex wp-container-core-buttons-is-layout-16018d1d wp-block-buttons-is-layout-flex">
<div class="wp-block-button"><a class="wp-block-button__link wp-element-button" href="https://arifatnature.fr/index.php/musique/">Musiciens / Groupes</a></div>
</div>
</div>
</div>



<figure class="wp-block-image size-large"><img decoding="async" width="1024" height="678" src="https://arifatnature.fr/wp-content/uploads/2024/06/2024-Photo-groupe-fete-nature-1024x678.jpg" alt="" class="wp-image-141" srcset="https://arifatnature.fr/wp-content/uploads/2024/06/2024-Photo-groupe-fete-nature-1024x678.jpg 1024w, https://arifatnature.fr/wp-content/uploads/2024/06/2024-Photo-groupe-fete-nature-300x199.jpg 300w, https://arifatnature.fr/wp-content/uploads/2024/06/2024-Photo-groupe-fete-nature-768x509.jpg 768w, https://arifatnature.fr/wp-content/uploads/2024/06/2024-Photo-groupe-fete-nature-1536x1017.jpg 1536w, https://arifatnature.fr/wp-content/uploads/2024/06/2024-Photo-groupe-fete-nature-2048x1356.jpg 2048w, https://arifatnature.fr/wp-content/uploads/2024/06/2024-Photo-groupe-fete-nature-1631x1080.jpg 1631w" sizes="(max-width: 1024px) 100vw, 1024px" /><figcaption class="wp-element-caption">L&rsquo;équipe de choc 😉 </figcaption></figure>



<hr class="wp-block-separator has-alpha-channel-opacity"/>



<div class="wp-block-columns are-vertically-aligned-center is-layout-flex wp-container-core-columns-is-layout-9d6595d7 wp-block-columns-is-layout-flex">
<div class="wp-block-column is-vertically-aligned-center is-layout-flow wp-block-column-is-layout-flow"><div class="wp-block-image is-style-rounded">
<figure class="aligncenter size-full is-resized"><a href="https://www.osourcesdarifat.fr/" target="_blank" rel="noreferrer noopener"><img loading="lazy" decoding="async" width="929" height="947" src="https://arifatnature.fr/wp-content/uploads/2024/06/osourcesarifat.jpg" alt="" class="wp-image-275" style="width:190px;height:auto" srcset="https://arifatnature.fr/wp-content/uploads/2024/06/osourcesarifat.jpg 929w, https://arifatnature.fr/wp-content/uploads/2024/06/osourcesarifat-294x300.jpg 294w, https://arifatnature.fr/wp-content/uploads/2024/06/osourcesarifat-768x783.jpg 768w" sizes="(max-width: 929px) 100vw, 929px" /></a></figure>
</div></div>



<div class="wp-block-column is-vertically-aligned-center is-layout-flow wp-block-column-is-layout-flow">
<p>Cette journée est organisée en partenariat avec le restaurant <a href="https://www.osourcesdarifat.fr/" target="_blank" rel="noreferrer noopener">O Sources d&rsquo;Arifat</a>, qui sera ouvert pour l&rsquo;occasion ! </p>
</div>
</div>

<p>Le 22 juin 2024 aura lieu la seconde édition de la Fête de la Nature sur le site du château et des cascades d&rsquo;Arifat (81360) ! Au programme, activités diverses : &#8211; Conteurs, &#8211; Apiculteurs, &#8211; Démonstration de chiens de troupeau, &#8211; Escalade, &#8211; Grimpe dans les arbres, &#8211; et plein d&rsquo;autres surprises !&#8211; Marché de producteurs locaux et Associations, &#8211; Scène libre (apportez vos instruments, votre voix, &#8230;), &#8211; Apéro-concert (Chorale Barouf)&#8211; Concert (Ti Renard et los Tres Tristes Tigres) Venez nombreux passer un agréable moment 😀 Petit à petit nous vous dévoilerons ici même, les personnes, producteurs et artistes, qui seront présent lors de cette belle journée et qui seront heureux de partager un moment convivial avec vous : (pensez à revenir régulièrement consulter le site pour y lire les nouvelles présentations 😉 ) Cette journée est organisée en partenariat avec le restaurant O Sources d&rsquo;Arifat, qui sera ouvert pour l&rsquo;occasion !</p>
