{"id":714,"date":"2025-07-24T09:15:03","date_gmt":"2025-07-24T07:15:03","guid":{"rendered":"https:\/\/arifatnature.fr\/?page_id=714"},"modified":"2025-07-24T09:15:04","modified_gmt":"2025-07-24T07:15:04","slug":"boite-a-idees","status":"publish","type":"page","link":"https:\/\/arifatnature.fr\/index.php\/boite-a-idees\/","title":{"rendered":"Bo\u00eete \u00e0 id\u00e9es"},"content":{"rendered":"\n<div class=\"wp-block-media-text is-stacked-on-mobile\" style=\"grid-template-columns:29% auto\"><figure class=\"wp-block-media-text__media\"><img decoding=\"async\" width=\"149\" height=\"303\" src=\"https:\/\/arifatnature.fr\/wp-content\/uploads\/2025\/07\/boiteaidees.webp\" alt=\"\" class=\"wp-image-711 size-full\" srcset=\"https:\/\/arifatnature.fr\/wp-content\/uploads\/2025\/07\/boiteaidees.webp 149w, https:\/\/arifatnature.fr\/wp-content\/uploads\/2025\/07\/boiteaidees-148x300.webp 148w\" sizes=\"(max-width: 149px) 100vw, 149px\" \/><\/figure><div class=\"wp-block-media-text__content\">\n<p>Nous nous voulons \u00eatre une association ouverte et pr\u00eate \u00e0 accueillir toute id\u00e9e constructive permettant d&rsquo;am\u00e9liorer le site du ch\u00e2teau d&rsquo;Arifat, le sentier des Cascades, le lien social, la sensibilisation \u00e0 la pr\u00e9servation et protection de la Nature, sa faune et sa flore, &#8230;<br><br>Que vous viviez ici ou que vous soyez de passage, toutes vos id\u00e9es sont les bienvenues !<br>Vous pouvez les poster soit sous forme de commentaire ci-dessous, ou bien envoyez nous un email, un coup de fil, &#8230;<br><br>Merci d&rsquo;avance ! <\/p>\n<\/div><\/div>\n\n\n\n<p><\/p>\n\n\n\n<div class=\"wp-block-comments\"><h2 id=\"comments\" class=\"wp-block-comments-title\">Une r\u00e9ponse \u00e0 &#8220;Bo\u00eete \u00e0 id\u00e9es&#8221;<\/h2>\n\n<ol class=\"wp-block-comment-template\"><li id=\"comment-5\" class=\"comment even thread-even depth-1\">\n\n<div class=\"wp-block-columns is-layout-flex wp-container-core-columns-is-layout-9d6595d7 wp-block-columns-is-layout-flex\">\n<div class=\"wp-block-column is-layout-flow wp-block-column-is-layout-flow\" style=\"flex-basis:40px\"><div class=\"wp-block-avatar\"><img alt='Avatar de gayet Mireille' src='https:\/\/secure.gravatar.com\/avatar\/fd1fdd14c4606ac736508cfabc5e3d5c7eda81d6a0ea2d3d55a0b1fe555b009c?s=40&#038;d=mm&#038;r=g' srcset='https:\/\/secure.gravatar.com\/avatar\/fd1fdd14c4606ac736508cfabc5e3d5c7eda81d6a0ea2d3d55a0b1fe555b009c?s=80&#038;d=mm&#038;r=g 2x' class='avatar avatar-40 photo wp-block-avatar__image' height='40' width='40'  style=\"border-radius:20px;\"\/><\/div><\/div>\n\n\n\n<div class=\"wp-block-column is-layout-flow wp-block-column-is-layout-flow\"><div class=\"wp-block-comment-author-name has-small-font-size\">gayet Mireille<\/div>\n\n\n<div class=\"wp-block-group is-layout-flex wp-block-group-is-layout-flex\" style=\"margin-top:0px;margin-bottom:0px\"><div class=\"wp-block-comment-date has-small-font-size\"><time datetime=\"2025-07-24T10:19:27+02:00\"><a href=\"https:\/\/arifatnature.fr\/index.php\/boite-a-idees\/#comment-5\">24 juillet 2025<\/a><\/time><\/div>\n\n<\/div>\n\n\n<div class=\"wp-block-comment-content\"><p>Super id\u00e9e \ud83d\udc4d<br \/>\nEn venant aux cascades d&rsquo;Arifat personnellement j&rsquo;aimerais trouver pr\u00e8s du parking quelques indications sur la balade,  avec ses connotations caract\u00e9ristiques en g\u00e9ologie, paysages, flore et faune . Et aussi sur les b\u00e2timents que l&rsquo;on trouve imm\u00e9diatement devant soi&#8230;.. domaine priv\u00e9, public, ch\u00e2teau en \u00e9tude de restauration ou pas, possibilit\u00e9s propos\u00e9es sur site : accueil des visiteurs si oui horaires, restauration ou pas avec horaires, toilettes , petits sacs en distributeur pour ramener ses d\u00e9chets&#8230;..les contacts de l&rsquo;ASPSA.<br \/>\nBref  tout ce qu&rsquo;il y a sur le Site et que les visiteurs ont peut \u00eatre oubli\u00e9 et plus&#8230;..<\/p>\n<\/div>\n\n<div class=\"wp-block-comment-reply-link has-small-font-size\"><a rel=\"nofollow\" class=\"comment-reply-link\" href=\"https:\/\/arifatnature.fr\/index.php\/boite-a-idees\/?replytocom=5#respond\" data-commentid=\"5\" data-postid=\"714\" data-belowelement=\"comment-5\" data-respondelement=\"respond\" data-replyto=\"R\u00e9pondre \u00e0 gayet Mireille\" aria-label=\"R\u00e9pondre \u00e0 gayet Mireille\">R\u00e9pondre<\/a><\/div><\/div>\n<\/div>\n\n<\/li><\/ol>\n\n\n\n\t<div id=\"respond\" class=\"comment-respond wp-block-post-comments-form\">\n\t\t<h3 id=\"reply-title\" class=\"comment-reply-title\">Laisser un commentaire <small><a rel=\"nofollow\" id=\"cancel-comment-reply-link\" href=\"\/index.php\/wp-json\/wp\/v2\/pages\/714#respond\" style=\"display:none;\">Annuler la r\u00e9ponse<\/a><\/small><\/h3><form action=\"https:\/\/arifatnature.fr\/wp-comments-post.php\" method=\"post\" id=\"commentform\" class=\"comment-form\"><p class=\"comment-notes\"><span id=\"email-notes\">Votre adresse e-mail ne sera pas publi\u00e9e.<\/span> <span class=\"required-field-message\">Les champs obligatoires sont indiqu\u00e9s avec <span class=\"required\">*<\/span><\/span><\/p><p class=\"comment-form-comment\"><label for=\"comment\">Commentaire <span class=\"required\">*<\/span><\/label> <textarea id=\"comment\" name=\"comment\" cols=\"45\" rows=\"8\" maxlength=\"65525\" required=\"required\"><\/textarea><\/p><p class=\"comment-form-author\"><label for=\"author\">Nom <span class=\"required\">*<\/span><\/label> <input id=\"author\" name=\"author\" type=\"text\" value=\"\" size=\"30\" maxlength=\"245\" autocomplete=\"name\" required=\"required\" \/><\/p>\n<p class=\"comment-form-email\"><label for=\"email\">E-mail <span class=\"required\">*<\/span><\/label> <input id=\"email\" name=\"email\" type=\"text\" value=\"\" size=\"30\" maxlength=\"100\" aria-describedby=\"email-notes\" autocomplete=\"email\" required=\"required\" \/><\/p>\n<p class=\"comment-form-url\"><label for=\"url\">Site web<\/label> <input id=\"url\" name=\"url\" type=\"text\" value=\"\" size=\"30\" maxlength=\"200\" autocomplete=\"url\" \/><\/p>\n<p class=\"comment-form-cookies-consent\"><input id=\"wp-comment-cookies-consent\" name=\"wp-comment-cookies-consent\" type=\"checkbox\" value=\"yes\" \/> <label for=\"wp-comment-cookies-consent\">Enregistrer mon nom, mon e-mail et mon site dans le navigateur pour mon prochain commentaire.<\/label><\/p>\n<p class=\"form-submit\"><input name=\"submit\" type=\"submit\" id=\"submit\" class=\"submit\" value=\"Laisser un commentaire\" \/> <input type='hidden' name='comment_post_ID' value='714' id='comment_post_ID' \/>\n<input type='hidden' name='comment_parent' id='comment_parent' value='0' \/>\n<\/p><\/form>\t<\/div><!-- #respond -->\n\t<\/div>\n","protected":false},"excerpt":{"rendered":"<p>Nous nous voulons \u00eatre une association ouverte et pr\u00eate \u00e0 accueillir toute id\u00e9e constructive permettant d&rsquo;am\u00e9liorer le site du ch\u00e2teau d&rsquo;Arifat, le sentier des Cascades, le lien social, la sensibilisation \u00e0 la pr\u00e9servation et protection de la Nature, sa faune et sa flore, &#8230; Que vous viviez ici ou que vous soyez de passage, toutes vos id\u00e9es sont les bienvenues !Vous pouvez les poster soit sous forme de commentaire ci-dessous, ou bien envoyez nous un email, un coup de fil, &#8230; Merci d&rsquo;avance !<\/p>\n","protected":false},"author":1,"featured_media":0,"parent":0,"menu_order":0,"comment_status":"open","ping_status":"closed","template":"","meta":{"footnotes":""},"class_list":["post-714","page","type-page","status-publish","hentry"],"_links":{"self":[{"href":"https:\/\/arifatnature.fr\/index.php\/wp-json\/wp\/v2\/pages\/714","targetHints":{"allow":["GET"]}}],"collection":[{"href":"https:\/\/arifatnature.fr\/index.php\/wp-json\/wp\/v2\/pages"}],"about":[{"href":"https:\/\/arifatnature.fr\/index.php\/wp-json\/wp\/v2\/types\/page"}],"author":[{"embeddable":true,"href":"https:\/\/arifatnature.fr\/index.php\/wp-json\/wp\/v2\/users\/1"}],"replies":[{"embeddable":true,"href":"https:\/\/arifatnature.fr\/index.php\/wp-json\/wp\/v2\/comments?post=714"}],"version-history":[{"count":1,"href":"https:\/\/arifatnature.fr\/index.php\/wp-json\/wp\/v2\/pages\/714\/revisions"}],"predecessor-version":[{"id":715,"href":"https:\/\/arifatnature.fr\/index.php\/wp-json\/wp\/v2\/pages\/714\/revisions\/715"}],"wp:attachment":[{"href":"https:\/\/arifatnature.fr\/index.php\/wp-json\/wp\/v2\/media?parent=714"}],"curies":[{"name":"wp","href":"https:\/\/api.w.org\/{rel}","templated":true}]}}